{"id":542,"date":"2014-11-04T21:39:25","date_gmt":"2014-11-04T20:39:25","guid":{"rendered":"https:\/\/archipress.org\/wp\/?page_id=542"},"modified":"2014-11-04T21:39:25","modified_gmt":"2014-11-04T20:39:25","slug":"temps-strategique","status":"publish","type":"page","link":"https:\/\/archipress.org\/?page_id=542","title":{"rendered":"Temps strat\u00e9gique"},"content":{"rendered":"<p align=\"justify\">Fond\u00e9 en 1982 par Claude Monnier et Marian Stepczynski, qui \u00e9taient jusqu&#8217;\u00e0 cette date, respectivement, r\u00e9dacteur en chef et directeur de gestion du &#8220;Journal de Gen\u00e8ve&#8221; et de &#8220;La Gazette de Lausanne&#8221;, le &#8220;Temps strat\u00e9gique&#8221; est n\u00e9 d&#8217;une frustration classique chez les journalistes de presse quotidienne: l&#8217;impossibilit\u00e9 de traiter les probl\u00e8mes au fond.<\/p>\n<table>\n<tbody>\n<tr>\n<td><img loading=\"lazy\" decoding=\"async\" src=\"https:\/\/archipress.org\/images\/logo\/tsno64.jpg\" alt=\"tsno64.jpg (4557 octets)\" width=\"96\" height=\"130\" align=\"bottom\" \/><\/td>\n<td><img loading=\"lazy\" decoding=\"async\" src=\"https:\/\/archipress.org\/images\/logo\/tsno66.jpg\" alt=\"tsno66.jpg (4293 octets)\" width=\"96\" height=\"130\" align=\"bottom\" \/><\/td>\n<td><img loading=\"lazy\" decoding=\"async\" src=\"https:\/\/archipress.org\/images\/logo\/tsno73.jpg\" alt=\"tsno73.jpg (4860 octets)\" width=\"96\" height=\"130\" align=\"bottom\" \/><\/td>\n<\/tr>\n<tr>\n<td><img loading=\"lazy\" decoding=\"async\" src=\"https:\/\/archipress.org\/images\/logo\/tsno65.jpg\" alt=\"tsno65.jpg (3845 octets)\" width=\"96\" height=\"130\" align=\"bottom\" \/><\/td>\n<td><img loading=\"lazy\" decoding=\"async\" src=\"https:\/\/archipress.org\/images\/logo\/tsno71.jpg\" alt=\"tsno71.jpg (4521 octets)\" width=\"96\" height=\"130\" align=\"bottom\" \/><\/td>\n<td><img loading=\"lazy\" decoding=\"async\" src=\"https:\/\/archipress.org\/images\/logo\/tsno72.jpg\" alt=\"tsno72.jpg (4408 octets)\" width=\"96\" height=\"130\" align=\"bottom\" \/><\/td>\n<\/tr>\n<tr>\n<td><img loading=\"lazy\" decoding=\"async\" src=\"https:\/\/archipress.org\/images\/logo\/tsno70.jpg\" alt=\"tsno70.jpg (4170 octets)\" width=\"96\" height=\"130\" align=\"bottom\" \/><\/td>\n<td><img loading=\"lazy\" decoding=\"async\" src=\"https:\/\/archipress.org\/images\/logo\/tscov81.gif\" alt=\"tscov81.gif (39784 octets)\" width=\"103\" height=\"144\" align=\"bottom\" \/><\/td>\n<td><img loading=\"lazy\" decoding=\"async\" src=\"https:\/\/archipress.org\/images\/logo\/tsno82.jpg\" alt=\"tsno82.jpg (5452 octets)\" width=\"96\" height=\"135\" align=\"bottom\" \/><\/td>\n<\/tr>\n<\/tbody>\n<\/table>\n<p align=\"justify\">Son objectif (qu&#8217;\u00e9voque son sous-titre &#8220;strat\u00e9gique&#8221;) est donc d&#8217;examiner les grands probl\u00e8mes du monde moderne \u00e0 une distance suffisante pour n&#8217;\u00eatre point \u00e9bloui, voire aveugl\u00e9, par l&#8217;\u00e9clat des \u00e9v\u00e9nements quotidiens. Pour y parvenir, la revue va chercher ses auteurs partout dans le monde, des sp\u00e9cialistes g\u00e9n\u00e9ralement, dont les textes sont retravaill\u00e9s par la r\u00e9daction jusqu&#8217;\u00e0 ce qu&#8217;ils soient limpides et d&#8217;une lecture ais\u00e9e. La r\u00e9daction propose, par ailleurs, des encadr\u00e9s expliquant les notions inhabituelles qu&#8217;emploient les sp\u00e9cialistes, illustrant certains de leurs propos d&#8217;exemples concrets, compl\u00e9tant leurs raisonnements par des graphiques, des sch\u00e9mas, des cartes, des rappels historiques.<\/p>\n<p align=\"justify\">Apres dix-neuf ans d&#8217;existence, le Temps strat\u00e9gique a cess\u00e9 de para\u00eetre en 2001.<\/p>\n","protected":false},"excerpt":{"rendered":"<p>Fond\u00e9 en 1982 par Claude Monnier et Marian Stepczynski, qui \u00e9taient jusqu&#8217;\u00e0 cette date, respectivement, r\u00e9dacteur en chef et directeur de gestion du &#8220;Journal de Gen\u00e8ve&#8221; et de &#8220;La Gazette de Lausanne&#8221;, le &#8220;Temps strat\u00e9gique&#8221; est n\u00e9 d&#8217;une frustration classique chez les journalistes de presse quotidienne: l&#8217;impossibilit\u00e9 de traiter les\u2026 <a class=\"continue-reading-link\" href=\"https:\/\/archipress.org\/?page_id=542\">Lire plus \/ Read more<\/a><\/p>\n","protected":false},"author":1,"featured_media":0,"parent":0,"menu_order":0,"comment_status":"closed","ping_status":"closed","template":"","meta":{"footnotes":""},"class_list":["post-542","page","type-page","status-publish","hentry"],"_links":{"self":[{"href":"https:\/\/archipress.org\/index.php?rest_route=\/wp\/v2\/pages\/542","targetHints":{"allow":["GET"]}}],"collection":[{"href":"https:\/\/archipress.org\/index.php?rest_route=\/wp\/v2\/pages"}],"about":[{"href":"https:\/\/archipress.org\/index.php?rest_route=\/wp\/v2\/types\/page"}],"author":[{"embeddable":true,"href":"https:\/\/archipress.org\/index.php?rest_route=\/wp\/v2\/users\/1"}],"replies":[{"embeddable":true,"href":"https:\/\/archipress.org\/index.php?rest_route=%2Fwp%2Fv2%2Fcomments&post=542"}],"version-history":[{"count":0,"href":"https:\/\/archipress.org\/index.php?rest_route=\/wp\/v2\/pages\/542\/revisions"}],"wp:attachment":[{"href":"https:\/\/archipress.org\/index.php?rest_route=%2Fwp%2Fv2%2Fmedia&parent=542"}],"curies":[{"name":"wp","href":"https:\/\/api.w.org\/{rel}","templated":true}]}}

Temps stratégique

<p align="justify">Fondé en 1982 par Claude Monnier et Marian Stepczynski, qui étaient jusqu&#8217;à cette date, respectivement, rédacteur en chef et directeur de gestion du &#8220;Journal de Genève&#8221; et de &#8220;La Gazette de Lausanne&#8221;, le &#8220;Temps stratégique&#8221; est né d&#8217;une frustration classique chez les journalistes de presse quotidienne: l&#8217;impossibilité de traiter les problèmes au fond.</p>
<table>
<tbody>
<tr>
<td><img loading="lazy" decoding="async" src="https://archipress.org/images/logo/tsno64.jpg" alt="tsno64.jpg (4557 octets)" width="96" height="130" align="bottom" /></td>
<td><img loading="lazy" decoding="async" src="https://archipress.org/images/logo/tsno66.jpg" alt="tsno66.jpg (4293 octets)" width="96" height="130" align="bottom" /></td>
<td><img loading="lazy" decoding="async" src="https://archipress.org/images/logo/tsno73.jpg" alt="tsno73.jpg (4860 octets)" width="96" height="130" align="bottom" /></td>
</tr>
<tr>
<td><img loading="lazy" decoding="async" src="https://archipress.org/images/logo/tsno65.jpg" alt="tsno65.jpg (3845 octets)" width="96" height="130" align="bottom" /></td>
<td><img loading="lazy" decoding="async" src="https://archipress.org/images/logo/tsno71.jpg" alt="tsno71.jpg (4521 octets)" width="96" height="130" align="bottom" /></td>
<td><img loading="lazy" decoding="async" src="https://archipress.org/images/logo/tsno72.jpg" alt="tsno72.jpg (4408 octets)" width="96" height="130" align="bottom" /></td>
</tr>
<tr>
<td><img loading="lazy" decoding="async" src="https://archipress.org/images/logo/tsno70.jpg" alt="tsno70.jpg (4170 octets)" width="96" height="130" align="bottom" /></td>
<td><img loading="lazy" decoding="async" src="https://archipress.org/images/logo/tscov81.gif" alt="tscov81.gif (39784 octets)" width="103" height="144" align="bottom" /></td>
<td><img loading="lazy" decoding="async" src="https://archipress.org/images/logo/tsno82.jpg" alt="tsno82.jpg (5452 octets)" width="96" height="135" align="bottom" /></td>
</tr>
</tbody>
</table>
<p align="justify">Son objectif (qu&#8217;évoque son sous-titre &#8220;stratégique&#8221;) est donc d&#8217;examiner les grands problèmes du monde moderne à une distance suffisante pour n&#8217;être point ébloui, voire aveuglé, par l&#8217;éclat des événements quotidiens. Pour y parvenir, la revue va chercher ses auteurs partout dans le monde, des spécialistes généralement, dont les textes sont retravaillés par la rédaction jusqu&#8217;à ce qu&#8217;ils soient limpides et d&#8217;une lecture aisée. La rédaction propose, par ailleurs, des encadrés expliquant les notions inhabituelles qu&#8217;emploient les spécialistes, illustrant certains de leurs propos d&#8217;exemples concrets, complétant leurs raisonnements par des graphiques, des schémas, des cartes, des rappels historiques.</p>
<p align="justify">Apres dix-neuf ans d&#8217;existence, le Temps stratégique a cessé de paraître en 2001.</p>

<p>Fondé en 1982 par Claude Monnier et Marian Stepczynski, qui étaient jusqu&#8217;à cette date, respectivement, rédacteur en chef et directeur de gestion du &#8220;Journal de Genève&#8221; et de &#8220;La Gazette de Lausanne&#8221;, le &#8220;Temps stratégique&#8221; est né d&#8217;une frustration classique chez les journalistes de presse quotidienne: l&#8217;impossibilité de traiter les… <a class="continue-reading-link" href="https://archipress.org/?page_id=542">Lire plus / Read more</a></p>
